472 a multiple of 4?
True
Is 12735 a multiple of 134?
False
Is 546 a multiple of 74?
False
Is 2 a factor of 21224?
True
Is 52020 a multiple of 20?
True
Is 75 a factor of 12075?
True
Is 390 a factor of 38610?
True
Is 12 a factor of 474?
False
Is 677 a multiple of 20?
False
Is 59 a factor of 9799?
False
Does 39 divide 203?
False
Is 660 a multiple of 55?
True
Does 5 divide 15360?
True
Does 9 divide 9074?
False
Is 126 a factor of 14558?
False
Is 9 a factor of 18895?
False
Is 5 a factor of 140?
True
Is 1100 a multiple of 11?
True
Does 30 divide 1530?
True
Is 150 a factor of 24900?
True
Is 15 a factor of 435?
True
Is 3570 a multiple of 14?
True
Is 36251 a multiple of 38?
False
Does 5 divide 6850?
True
Is 39 a factor of 1053?
True
Is 28631 a multiple of 42?
False
Is 657 a multiple of 3?
True
Is 53 a factor of 3763?
True
Does 107 divide 2746?
False
Does 17 divide 12114?
False
Does 13 divide 621?
False
Does 30 divide 630?
True
Is 22 a factor of 376?
False
Is 11 a factor of 788?
False
Does 21 divide 142?
False
Is 13440 a multiple of 60?
True
Is 15 a factor of 300?
True
Is 12 a factor of 1312?
False
Does 20 divide 18860?
True
Is 21 a factor of 5061?
True
Is 28 a factor of 18340?
True
Is 49197 a multiple of 23?
True
Does 12 divide 708?
True
Is 70 a factor of 13253?
False
Is 2423 a multiple of 6?
False
Does 84 divide 5040?
True
Is 10332 a multiple of 41?
True
Does 27 divide 2025?
True
Is 9 a factor of 13760?
False
Does 10 divide 35840?
True
Is 7 a factor of 25389?
True
Is 19 a factor of 2603?
True
Does 92 divide 21068?
True
Is 35 a factor of 1365?
True
Does 86 divide 13522?
False
Does 15 divide 2700?
True
Does 19 divide 2033?
True
Does 8 divide 316?
False
Is 56 a multiple of 7?
True
Does 8 divide 125?
False
Is 346 a multiple of 31?
False
Does 13 divide 1131?
True
Is 12528 a multiple of 18?
True
Does 11 divide 2827?
True
Does 91 divide 6721?
False
Does 14 divide 17934?
True
Does 229 divide 13282?
True
Does 18 divide 5364?
True
Is 80 a factor of 3680?
True
Is 13756 a multiple of 76?
True
Does 54 divide 517?
False
Does 5 divide 124?
False
Is 21 a factor of 86?
False
Is 21678 a multiple of 47?
False
Does 227 divide 48504?
False
Is 2265 a multiple of 5?
True
Is 21948 a multiple of 93?
True
Is 2242 a multiple of 118?
True
Does 5 divide 929?
False
Is 32 a multiple of 32?
True
Does 13 divide 21684?
True
Does 5 divide 74?
False
Is 1084 a multiple of 255?
False
Does 35 divide 805?
True
Does 51 divide 9690?
True
Is 2047 a multiple of 8?
False
Does 18 divide 9774?
True
Is 11 a factor of 3190?
True
Is 294 a multiple of 49?
True
Is 93 a factor of 60297?
False
Is 4 a factor of 318?
False
Is 86 a factor of 1720?
True
Does 30 divide 150?
True
Does 28 divide 13804?
True
Does 8 divide 1024?
True
Does 125 divide 6098?
False
Is 1516 a multiple of 45?
False
Is 18 a factor of 49001?
False
Does 26 divide 468?
True
Is 56425 a multiple of 37?
True
Is 36 a factor of 1872?
True
Does 186 divide 20088?
True
Is 53 a factor of 44361?
True
Is 36 a factor of 3600?
True
Is 118 a factor of 1534?
True
Is 8925 a multiple of 21?
True
Is 9702 a multiple of 42?
True
Is 13 a factor of 428?
False
Does 4 divide 11956?
True
Is 75 a factor of 1213?
False
Is 45749 a multiple of 11?
True
Is 13 a factor of 351?
True
Is 6043 a multiple of 35?
False
Is 30 a factor of 32956?
False
Is 2 a factor of 30?
True
Is 2625 a multiple of 75?
True
Is 456 a multiple of 19?
True
Is 27 a factor of 5562?
True
Does 45 divide 135?
True
Is 88 a factor of 10472?
True
Is 124950 a multiple of 34?
True
Is 5 a factor of 138?
False
Is 94 a factor of 9753?
False
Is 541 a multiple of 47?
False
Is 38 a factor of 122588?
True
Is 11 a factor of 148?
False
Is 27 a factor of 1269?
True
Is 2205 a multiple of 45?
True
Does 40 divide 560?
True
Is 462 a multiple of 22?
True
Is 72 a multiple of 13?
False
Does 64 divide 704?
True
Does 17 divide 1507?
False
Is 4529 a multiple of 16?
False
Is 415 a multiple of 25?
False
Is 9 a factor of 735?
False
Is 21 a factor of 825?
False
Is 17100 a multiple of 45?
True
Is 75 a multiple of 25?
True
Does 56 divide 200?
False
Is 120 a multiple of 5?
True
Does 18 divide 472?
False
Does 8 divide 242?
False
Is 19 a factor of 190?
True
Is 12493 a multiple of 122?
False
Is 4951 a multiple of 120?
False
Is 33 a factor of 3135?
True
Does 44 divide 3564?
True
Is 40 a factor of 160?
True
Is 101871 a multiple of 11?
True
Is 23256 a multiple of 323?
True
Is 9585 a multiple of 15?
True
Does 3 divide 996?
True
Is 65 a factor of 2596?
False
Is 3942 a multiple of 33?
False
Is 796 a multiple of 13?
False
Is 28 a factor of 438?
False
Is 52 a factor of 416?
True
Does 10 divide 25875?
False
Is 16 a factor of 45503?
False
Does 34 divide 158?
False
Is 829 a multiple of 4?
False
Does 6 divide 1994?
False
Is 1320 a multiple of 55?
True
Is 5 a factor of 1595?
True
Does 6 divide 584?
False
Is 14 a factor of 469?
False
Is 2580 a multiple of 5?
True
Is 639 a multiple of 44?
False
Is 12 a factor of 3048?
True
Is 1890 a multiple of 35?
True
Does 8 divide 8582?
False
Does 9 divide 92?
False
Does 46 divide 874?
True
Is 2273 a multiple of 12?
False
Is 24 a factor of 3744?
True
Does 14 divide 20617?
False
Does 20 divide 20?
True
Is 836 a multiple of 44?
True
Is 28 a factor of 980?
True
Is 108 a multiple of 4?
True
Is 41 a factor of 8153?
False
Does 8 divide 368?
True
Is 35 a factor of 21758?
False
Does 122 divide 54656?
True
Does 38 divide 5966?
True
Is 11 a factor of 84?
False
Does 9 divide 831?
False
Is 13566 a multiple of 140?
False
Is 3447 a multiple of 27?
False
Does 41 divide 3608?
True
Is 37 a factor of 1702?
True
Is 153 a factor of 31671?
True
Is 168 a factor of 41328?
True
Is 7 a factor of 247?
False
Does 13 divide 5837?
True
Is 240 a multiple of 8?
True
Is 12 a factor of 276?
True
Is 98 a factor of 44680?
False
Is 2720 a multiple of 5?
True
Is 368 a multiple of 46?
True
Does 31 divide 1302?
True
Is 38 a factor of 10204?
False
Does 27 divide 378?
True
Is 6156 a multiple of 81?
True
Is 19 a factor of 812?
False
Is 10252 a multiple of 116?
False
Is 36 a factor of 4938?
False
Is 26 a factor of 47402?
False
Is 146 a factor of 2044?
True
Does 40 divide 2880?
True
Is 82 a multiple of 7?
False
Is 98 a multiple of 5?
False
Does 2 divide 288?
True
Does 21 divide 4344?
False
Is 12 a factor of 1248?
True
Is 4 a factor of 5201?
False
Is 5 a factor of 1208?
False
Does 50 divide 4900?
True
Does 4 divide 299?
False
Is 8002 a multiple of 20?
False
Is 10 a factor of 840?
True
Is 21 a factor of 35994?
True
Is 16160 a multiple of 101?
True
Is 51058 a multiple of 47?
False
Is 2828 a multiple of 28?
True
Is 13 a factor of 1864?
False
Does 3 divide 495?
True
Is 31 a factor of 1767?
True
Is 80 a factor of 4320?
True
Does 48 divide 3360?
True
Is 3432 a multiple of 78?
True
Does 19 divide 893?
True
Is 2893 a multiple of 35?
False
Is 882 a multiple of 14?
True
Is 3969 a multiple of 49?
True
Is 14101 a multiple of 171?
False
Is 58 a factor of 986?
True
Is 632 a multiple of 14?
False
Is 10 a factor of 1477?
False
Is 3584 a multiple of 16?
True
Is 1110 a multiple of 104?
False
Does 4 divide 297?
False
Is 67 a factor of 5092?
True
Is 3073 a multiple of 16?
False
Is 17181 a multiple of 249?
True
Does 26 divide 3224?
True
Is 43 a factor of 43129?
True
Is 3 a factor of 616?
False
Does 169 divide 59426?
False
Does 61 divide 2562?
True
Is 370 a multiple of 26?
False
Is 1836 a multiple of 4?
True
Is 11 a factor of 5412?
True
Is 12022 a multiple of 34?
False
Is 15 a factor of 1238?
False
Is 809 a multiple of 9?
False
Is 9 a factor of 10090?
False
Does 7 divide 111?
False
Is 3414 a multiple of 6?
True
Is 9 a factor of 1224?
True
Does 16 divide 20?
False
Is 14 a factor of 378?
True
Does 28 divide 115?
False
Does 117 divide 11232?
True
Does 36 divide 30924?
True
Is 512 a multiple of 16?
True
Is 18 a factor of 3258?
True
Is 246 a multiple of 6?
True
Is 3 a factor of 56?
False
Is 572 a multiple of 22?
True
Does 137 divide 7535?
True
Is 1128 a multiple of 8?
True
Is 17 a factor of 289?
True
Does 4 divide 553?
False
Is 1817 a multiple of 22?
False
Is 751 a multiple of 13?
False
Is 336 a multiple of 64?
False
Does 123 divide 2583?
True
Is 111 a factor of 23310?
True
Is 27 a factor of 972?
True
Does 128 divide 3210?
False
Is 13 a factor of 75895?
False
Is 29 a factor of 524